5. Calculate i(8).
-9
Let b(z) = -z**3 - 6*z**2 + 2*z - 5. Determine b(-7).
30
Let h(f) = f**3 - 2*f**2 - f + 5. What is h(-2)?
-9
Let m(p) = 4*p - 7. What is m(-10)?
-47
Let u(l) = l**2 - 9*l - 5. Calculate u(10).
5
Let y(k) = -k**2 + 6*k - 10. Give y(8).
-26
Let u(x) = -4*x - 3. Calculate u(5).
-23
Let d(k) = -k - 22. Determine d(-10).
-12
Let y(l) = l**3 + 9*l**2 + l - 7. What is y(-9)?
-16
Let h(k) = -k**3 - 18*k**2 - 16*k + 8. Give h(-17).
-9
Let q(g) = -g**2 + 30*g + 46. What is q(32)?
-18
Let s(b) = -44*b. Give s(1).
-44
Let i(b) = -b - 4. Give i(0).
-4
Let n(c) = -c**3 + 4*c**2 - 2*c + 2. Determine n(3).
5
Let f(t) = -t - 7. Give f(10).
-17
Let x(p) = 2*p - 3. Determine x(-3).
-9
Let j(a) = -a**2 - 8*a + 7. Give j(-8).
7
Let t(w) = w**3 - 3*w**2 - 7*w + 1. Determine t(4).
-11
Let v(y) = -2*y**2 + 44*y - 46. What is v(21)?
-4
Let c(y) = 2*y**2 - 11*y + 13. Determine c(6).
19
Let x(j) = -7*j - 6. Calculate x(5).
-41
Let w(f) = -15*f + 8. Calculate w(2).
-22
Let d(m) = m**3 - 4*m**2 - m + 7. What is d(4)?
3
Let i(d) = -d**3 + 2*d**2 - 2*d - 2. Give i(2).
-6
Let p(g) = -3*g + 16. Calculate p(-6).
34
Let m(q) = q**2 + 14*q + 12. Determine m(-13).
-1
Let r(g) = -g**3 - 8*g**2 - 2*g + 4. Determine r(-6).
-56
Let j(g) = g**3 + g**2 + g + 23. Determine j(0).
23
Let m(i) = -6*i**3 - 4*i**2 + 3*i - 4. Give m(2).
-62
Let p(t) = 8*t**2 + 37*t + 14. Give p(-4).
-6
Let v(p) = -p**2 + 11*p - 14. What is v(11)?
-14
Let w(n) = n**3 + n**2 + 5*n + 4. What is w(-3)?
-29
Let i(g) = 94*g - 389. What is i(4)?
-13
Let k(o) = -4*o**2 + 4*o + 25. Calculate k(5).
-55
Let t(q) = -q**2 + 6*q. Give t(3).
9
Let x(k) = k**3 - 7*k**2 - 32*k + 30. Determine x(10).
10
Let m(q) = q**3 - 2*q**2 - 14*q + 6. Determine m(4).
-18
Let n(b) = 3*b**3 + 4*b**2 + 4*b - 2. Give n(-2).
-18
Let c(d) = -d**3 + 4*d**2 - 2*d + 4. Give c(4).
-4
Let b(z) = -z**3 + 4*z**2 + 8*z - 3. Give b(5).
12
Let j(v) = v**3 - v**2 - 17. Give j(0).
-17
Let s(f) = f + 54. Determine s(0).
54
Let j(d) = d + 10. What is j(-5)?
5
Let p(z) = z**3 + 6*z**2 - z + 3. Give p(-6).
9
Let n(w) = -53*w**3 + 2*w - 1. Give n(1).
-52
Let n(m) = -4*m. Calculate n(-7).
28
Let b(s) = 3*s**2 - 23*s + 20. Calculate b(8).
28
Let i(h) = 8*h + 4. Calculate i(-3).
-20
Let a(v) = -2*v + 1. Determine a(-2).
5
Let q(m) = -7*m + 5. Give q(-4).
33
Let d(a) = 21*a - 18. What is d(2)?
24
Let m(g) = g**3 + 4*g**2 - g + 64. Determine m(-6).
-2
Let u(m) = 38*m**3 + m**2 + m. Calculate u(-1).
-38
Let w(k) = -k**2 + 10*k + 16. Determine w(11).
5
Let i(q) = -31*q**3 - q**2 + q - 1. Calculate i(1).
-32
Let q(a) = 2*a - 7. Give q(9).
11
Let s(n) = -n**2 - 1. Give s(-2).
-5
Let o(w) = 26*w**3 - w**2 + 3*w - 1. Give o(1).
27
Let j(m) = -m**3 - 11*m**2 - 39*m - 47. Determine j(-4).
-3
Let h(l) = -11*l - 148. Determine h(-14).
6
Let a(l) = -8*l - 2. What is a(1)?
-10
Let d(a) = -a**3 + 12*a**2 + 19*a - 73. Calculate d(13).
5
Let n(x) = -4*x - 6. What is n(-8)?
26
Let d(h) = -6*h**3 - 3*h**2 + 3*h - 1. Determine d(1).
-7
Let o(i) = i**3 - 10*i**2 + 19*i - 14. Determine o(7).
-28
Let s(w) = -w**3 + 7*w**2 - 4*w + 5. Determine s(5).
35
Let v(q) = q**2 - 9*q + 12. Calculate v(5).
-8
Let v(p) = p**3 - 19*p**2 + 17*p + 16. Give v(18).
-2
Let r(d) = -27*d. Determine r(-1).
27
Let d(r) = r**2 - 21*r - 4. What is d(20)?
-24
Let t(k) = -k**3 + 7*k**2 + 9*k - 2. Calculate t(8).
6
Let p(c) = -c**3 - 6*c**2 - 9*c + 1. What is p(-4)?
5
Let q(m) = 3*m**2 + 18*m + 15. Give q(-5).
0
Let p(t) = t**3 - 5*t**2 + 11*t - 51. Calculate p(5).
4
Let h(i) = -2*i**2 + 17*i - 6. Determine h(11).
-61
Let c(q) = q**3 + q - 3. Determine c(0).
-3
Let j(r) = r**2 - 3*r + 5. Calculate j(0).
5
Let u(q) = -7*q**3 + q**2 - 2*q - 3. Give u(-1).
7
Let z(h) = h**3 - 4*h**2 - 2*h - 5. Determine z(5).
10
Let x(a) = 2*a**2 - 4*a - 4. Determine x(5).
26
Let t(k) = k**3 - 6. Determine t(2).
2
Let a(o) = -6*o - 7. Determine a(-6).
29
Let x(j) = -j**2 + 2*j + 54. What is x(0)?
54
Let m(g) = -3*g - 5. Determine m(-2).
1
Let a(s) = s**2 + 15*s + 9. Determine a(-16).
25
Let n(x) = x**2 + 7*x + 6. Determine n(-6).
0
Let c(g) = g**2 - 11*g + 8. Give c(11).
8
Let c(k) = -12*k**2 + 3*k. Give c(2).
-42
Let i(n) = n**2 + 43*n - 42. Calculate i(1).
2
Let a(m) = m**2 - 109*m + 614. Determine a(6).
-4
Let z(f) = -f**3 - 15*f**2 + 16*f + 35. Calculate z(-16).
35
Let t(m) = -23*m - 3. Calculate t(-2).
43
Let v(o) = -3*o + 2. Calculate v(-3).
11
Let d(p) = 4*p**2 - 95*p - 17. Determine d(24).
7
Let p(z) = -20*z**2 + z - 1. Calculate p(1).
-20
Let a(u) = -2*u**2 - 54*u + 44. What is a(-28)?
-12
Let y(c) = c**3 - 7*c**2 + 6*c + 5. What is y(6)?
5
Let h(v) = v**2 + 16*v - 50. Determine h(-19).
7
Let y(m) = 2*m**2 + m + 1. What is y(1)?
4
Let x(b) = b**3 - 7*b**2 - 5*b + 3. Determine x(7).
-32
Let g(y) = y**2 + 26*y - 87. What is g(3)?
0
Let c(x) = 2*x - 37. Give c(18).
-1
Let v(h) = h**3 - 10*h**2 - 2*h + 42. Calculate v(10).
22
Let s(l) = -l - 13. Determine s(0).
-13
Let r(b) = 2*b**2 - 48*b - 6. Give r(24).
-6
Let d(h) = h**3 - 7*h**2 + 3*h + 5. Give d(7).
26
Let t(m) = m**2 - 32*m - 67. Give t(34).
1
Let w(s) = 2*s**2 + 4*s - 3. Give w(1).
3
Let f(b) = b**2 + 7*b + 11. Calculate f(-6).
5
Let l(h) = 6*h**2 - 9*h + 4. What is l(4)?
64
Let u(n) = n**2 - 17*n - 55. Give u(20).
5
Let p(f) = 8*f + 16. Give p(-15).
-104
Let t(c) = c**3 + 3*c**2 + 2*c + 9. Calculate t(-3).
3
Let t(u) = 2*u + 1. Give t(-4).
-7
Let d(s) = s**2 + 7*s - 8. Determine d(-6).
-14
Let n(s) = -s**3 + 2*s**2 - 1. Give n(3).
-10
Let q(j) = -j**2 - 8*j - 2. Calculate q(-6).
10
Let f(y) = -3*y**2 - 10. Calculate f(-6).
-118
Let t(k) = -k**3 - 7*k**2 - 6*k + 5. Give t(-5).
-15
Let v(i) = -i**2 + 7*i - 17. Determine v(5).
-7
Let i(s) = -s**3 - 13*s**2 - 17. Give i(-13).
-17
Let f(w) = 14*w**3 - w**2 + 3*w - 2. What is f(1)?
14
Let o(p) = 2*p + 24. Give o(-4).
16
Let p(g) = -5*g**2 + 32*g - 15. Determine p(6).
-3
Let k(b) = -b**3 - 10*b**2 - b + 12. Determine k(-10).
22
Let p(t) = t**3 - 8*t**2 + 4*t - 12. Give p(8).
20
Let c(s) = s**2 + 8*s - 14. Calculate c(-10).
6
Let y(v) = -3*v**3 + 2*v**2 + v + 3. Calculate y(0).
3
Let n(k) = 38*k - 75. What is n(2)?
1
Let c(s) = -s**3 + 7*s**2 + 20*s - 12. Calculate c(9).
6
Let v(z) = -21*z + 39. What is v(2)?
-3
Let z(p) = p**3 + 10*p**2 - 15*p - 47. Calculate z(-11).
-3
Let o(l) = -l**3 - 7*l**2 - 9*l + 4. Give o(-4).
-8
Let l(x) = x**2 + 4*x - 2. Calculate l(-6).
10
Let s(u) = 3*u**2 + 56*u - 1. Give s(-19).
18
Let u(l) = -2*l**3 - 21*l**2 - 5*l + 46. Give u(-10).
-4
Let k(v) = 4*v + 113. Determine k(0).
113
Let b(w) = w - 16. What is b(14)?
-2
Let d(j) = 67*j + 1134. Determine d(-17).
-5
Let m(i) = -7*i - 1. Give m(5).
-36
Let i(l) = l**3 + 7*l**2 - 9*l + 8. Determine i(-8).
16
Let i(p) = -3*p**3 + 2*p**2 + 3*p + 3. Give i(-2).
29
Let y(p) = 2*p**2 + 3*p + 3. Determine y(0).
3
Let n(s) = s**2 + 9*s - 13. Calculate n(-11).
9
Let b(f) = 2*f - 38. Give b(30).
22
Let p(f) = f - 9. Calculate p(5).
-4
Let n(v) = 8*v - 77. Give n(12).
19
Let g(p) = p**3 - 31*p**2 + 150*p - 2. What is g(25)?
-2
Let l(k) = -k - 19. What is l(-11)?
-8
Let c(j) = j**2 - j - 1. What is c(-3)?
11
Let x(g) = -3*g + 5. Give x(-4).
17
Let r(a) = a**2 - 12*a + 7. Calculate r(9).
-20
Let f(b) = 31*b**2 - 6*b + 10. What is f(2)?
122
Let t(b) = b - 1. Determine t(0).
-1
Let x(j) = -j**3 - 11*j**2 - 10*j + 14. Determine x(-11).
124
Let y(p) = -p - 22. Give y(4).
-26
Let n(y) = y**3 + 5*y**2 - 8*y - 13. What is n(-6)?
-1
Let a(r) = 64*r - 266. Give a(4).
-10
Let f(j) = 3*j - 30. Determine f(23).
39
Let j(g) = g**3 - 21*g**2 - 48*g + 21. Give j(23).
-25
Let v(s) = s + 6. What is v(-13)?
-7
Let d(y) = -4*y - 87. What is d(-23)?
5
Let v(i) = -2*i**3 + 19*i**2 - 47*i + 10. Determine v(4).
-2
Let a(i) = -22*i - 21. What is a(-1)?
1
Let n(j) = -j**3 - 9*j**2 - 13. Determine n(-9).
-13
Let f(x) = x**3 - x**2 - 4*x - 1. Determine f(-3).
-25
Let z(y) = 83*y + 657. Give z(-8).
-7
Let x(i) = i**3 - 10*i**2 - 8*i + 84. Determine x(10).
4
Let j(t) = -3*t + 32. Calculate j(13).
-7
Let f(w) = 2*w + 43. Calculate f(-22).
-1
Let m(u) = u**3 - 45*u**2 + 44*u + 1. Calculate m(44).
1
Let v(j) = -j**3 + 11*j**2 - 10*j + 23. Calculate v(10).
23
Let i(u) = 9*u**3 - u**2 + u. Give i(-2).
-78
Let i(l) = -2*l - 15. Determine i(-11).
7
Let s(r) = -r**2 - 3*r. Cal